er?
False
Suppose -5*o - 2*h + 247473 = -19520, -2*h - 2 = 0. Is o a composite number?
True
Let k = -36 - -39. Suppose 9 = 5*h - k*a + 1, -h + a = 0. Suppose -r - h*m + 2435 = 0, -5*m + 7291 = 3*r - 0*m. Is r a composite number?
True
Let y(q) = 2458*q - 65. Let g(j) = -7373*j + 195. Let d(k) = -6*g(k) - 17*y(k). Is d(4) prime?
True
Suppose -4*i + 10 - 2 = 4*d, 3*d - 4*i = 6. Suppose 0 = 2*s + 2*m, 0*s - 25 = 3*s - d*m. Let o = 672 + s. Is o a composite number?
True
Let m = -2269 - -4648. Suppose -x + 8054 = m. Suppose -5*s = -10*s + x. Is s prime?
False
Suppose -4*h - 21954 = -6*x, h - 9333 = -4*x + 5303. Is x a composite number?
False
Let w = 2043651 + -1048432. Is w a prime number?
True
Let b = -7590 + 76699. Is b composite?
False
Suppose -622041 = -3*g + 2*c, 2*g = -316*c + 311*c + 414713. Is g prime?
False
Is ((-27)/6)/(78/(-52)) + 164764 a prime number?
True
Let k(j) = 69*j**2 + 35*j + 1683. Is k(-44) a composite number?
True
Let m(r) = -1540*r - 2243. Is m(-9) a prime number?
True
Let n be 26/(((-32)/(-324))/4). Suppose -4*c = 5*g - 29344, -n + 15719 = 2*c + g. Is c prime?
True
Let y(x) = x**2 + 2*x + 4. Let r(q) = q**3 - 20*q**3 - 17*q**2 - 19*q + 20*q**3 + 21. Let m be r(18). Is y(m) a composite number?
False
Suppose i - 5*g = 143509, i - 160051 = 2*g - 16530. Is i composite?
True
Suppose o - 16 = -5*f, 0*o - 2*f + 22 = o. Suppose 7*b - o = -12. Suppose 915 = 3*x + 2*h - 254, -b*x = 4*h - 782. Is x a prime number?
True
Suppose -5217 = -g + 24329. Suppose 4*p - g = -18*p. Is p composite?
True
Let p = 152883 + -46790. Is p a composite number?
True
Suppose -55*h - 4*l = -58*h + 19593, 5*h = -4*l + 32591. Is h a prime number?
False
Let z = 2974 - -11677. Suppose -4*u + z = 5*x, -3150 = 3*u - 5*x - 14182. Is u prime?
False
Let j = -604 - -412. Let c = 41 + j. Let k = c - -402. Is k composite?
False
Let c be (1 - (14 - -263442)) + 10/2. Is 12/(-7) + 2 + c/(-154) prime?
False
Suppose 2*q = 4*r - 260, 390 = -3*q - 4*r - r. Let u = q + 707. Is u a prime number?
True
Let z(l) be the first derivative of 133*l**2/2 - 23*l + 13. Let w be z(13). Let p = w + -1047. Is p prime?
True
Let y be (1494/45)/((-4)/(-310)). Let v(s) = -346*s - 2. Let d be v(4). Let g = y + d. Is g a prime number?
True
Let s = -134 - -131. Is ((-15116)/8)/(s*3/126) a prime number?
False
Let a(k) = 28*k**2 - 12*k - 14. Let z be a(-4). Is (-3)/7 + 1/(14/z) prime?
False
Let l = 78 - 16. Suppose l*f - 72*f + 17770 = 0. Is f prime?
True
Let k = 190 - 986. Let m = -561 - k. Suppose 6*l - l - m = 0. Is l a prime number?
True
Suppose 2*b + 3*l - 22 = 0, l = b - 2*l - 20. Let r be 11/((-77)/(-2)) + 147514/b. Suppose -9350 = -3*c + r. Is c prime?
False
Let k(t) = -9 + 57 - 26 + 231*t - 86*t - 11. Suppose -2 = -4*s - 8*m + 3*m, -m + 4 = 2*s. Is k(s) a prime number?
False
Suppose -1080 - 1356 = -7*j. Let s = -147 + j. Suppose 0 = -3*p + 1413 + s. Is p a prime number?
False
Let z(l) = -19029*l + 3995. Is z(-22) prime?
False
Let n be (990/120)/((-6)/(-16)). Suppose w - o - 4 = 0, -w = -0*w + 5*o - n. Is w a composite number?
False
Suppose -a - 3*f = 3*a - 26, 3*a + 3*f - 21 = 0. Suppose 0*c + c = 3*h + 10, -h = -a*c - 6. Is (-7377)/(-12)*(c + 6 - 0) a composite number?
False
Let b = -653 - -655. Suppose 15449 = 9*r - b*r. Is r composite?
False
Suppose 88*d - 87*d = 3384. Suppose 0 = -8*y + d + 2680. Is y a composite number?
True
Let j = -2282 + 2995. Is j a prime number?
False
Let q(j) = -7*j**3 - j**2 - 12*j - 8. Let t be q(-3). Let n = 366 - t. Is n a prime number?
False
Is 10 + (-300005)/(-4) - 1*3/12 a composite number?
False
Suppose -2*v + 704 = 4*c, -5*v - 2*c + 1268 = -500. Suppose 2*i - 6 = 0, a = -3*a + i + 2921. Let p = a - v. Is p a composite number?
True
Let r = -28 - -43. Suppose 6*x = r + 9. Suppose 1634 = 2*l + x*i, -i - i = -8. Is l composite?
False
Suppose s - 3*l - 9257 = 0, -5*s + 25975 = -4*l - 20310. Is s a prime number?
True
Let m(o) = -3746*o + 907. Is m(-4) a composite number?
True
Let v be -2 - (-5 - -1)*6/(-24). Let j(t) = -t**2 - 4*t - 5. Let b be j(v). Is (1 + 780/((-4)/b))/1 composite?
True
Let z(y) = 12*y**3 + 19*y**2 + 3*y + 9. Let p(v) = -13*v**3 - 18*v**2 - v - 8. Let i(n) = 4*p(n) + 3*z(n). Is i(-12) a prime number?
True
Let a(l) be the first derivative of 2*l**3 + 6*l**2 - 7*l - 23. Is a(-11) a prime number?
True
Let b = -8084 + 20303. Is b prime?
False
Suppose 0 = 3*z + 11 + 7. Let p be ((-9)/z)/(-1)*(4 + -2). Let f(x) = -30*x**3 - 2*x**2 + 3*x + 4. Is f(p) composite?
False
Let v = 8690 + -16777. Let o = 12445 + v. Is o a prime number?
False
Let i = -76 - -78. Suppose 5*d + 7973 = 7*d - z, 0 = -i*d - z + 7983. Is d prime?
True
Let o(s) = 15*s + 5*s**2 + 2 + 9*s**3 + 6 - 8*s**3 - 21*s**2. Let k be o(15). Is 194 - (k + -10 - 5*-1) a prime number?
True
Let d(t) = 122*t**2 + 191*t - 188. Is d(45) prime?
True
Suppose -6*c - 2476778 = -28*c - 24*c. Is c a prime number?
False
Suppose 174*n - 1317701877 = -363*n. Is n composite?
False
Is -265*-4241*1*463/2315 a prime number?
False
Let o = 0 + 7. Let l(g) = -728*g - 35. Let i be l(o). Is (-2)/(-3) + i/3*-1 a prime number?
False
Suppose 5*y = -l + 84, 130 + 206 = 4*l - 3*y. Let j = 925 + l. Is j a composite number?
False
Suppose -2*s + 14 = 5*h, 4*h - s + 0*s - 6 = 0. Let p(y) = -11*y + 33*y**2 - 6*y + 19*y + 41*y**h - 9. Is p(2) prime?
False
Let v = 1219781 - 674342. Is v a composite number?
True
Let y = 72 - 68. Suppose 3*t + 0*t + 4805 = -y*m, 3*t + 3*m = -4800. Let h = 4960 + t. Is h a prime number?
False
Let u be 3 - (-114)/(-42) - 20/(-28). Let k(c) = 4426*c**2 - 7*c + 2. Is k(u) a composite number?
False
Let o(m) = m**3 + 5*m**2 - 16*m + 8. Let s be o(-7). Let a(u) = s - 13*u + 4*u + 16*u**2 - 7*u**2. Is a(5) a prime number?
False
Let w(s) = 106*s**2 + 36*s + 353. Is w(-15) prime?
True
Let t be 0 - (-15 - (2 - 6)). Let w be 3*t + (-21)/7. Suppose -59 = -c + w. Is c prime?
True
Suppose -98 = -r + 14. Let q = r + -106. Is (-6)/q + 4*245 prime?
False
Let w(p) = -p**2 - 6*p + 2. Let a be w(-5). Suppose -3*k + a*k + 21320 = 0. Let o = -3113 - k. Is o composite?
True
Let t(g) = -7*g**3 - g**2 + g. Let w be t(-1). Let u(v) = 11*v**3 + 5*v**2 - 11*v + 54. Is u(w) composite?
False
Let u(l) = 22*l**3 + 2*l**2 + l - 11. Let a(f) = -21*f**3 - 2*f**2 - 2*f + 12. Let d be ((-33)/22)/((-2)/(-4)). Let m(h) = d*a(h) - 4*u(h). Is m(-5) composite?
True
Is 11 + 25/(225/3633012) a composite number?
False
Let l be 117 + (-4 - 1)/(-5). Let t = l - 115. Suppose -d + 3*z + 314 = -738, -t*d + 3195 = 4*z. Is d a composite number?
False
Let i = 84850 + -28928. Is i a prime number?
False
Suppose 5*c - t - 81230 = 0, -5883 = 4*c - 4*t - 70883. Let n be 1*-2*c/18. Let s = -444 - n. Is s prime?
True
Let r(t) = 17*t**3 - 5*t**2 - 28*t - 3. Let f(m) = m**2 - 5*m - 29. Let g be f(9). Is r(g) prime?
True
Is 17 - (-7 - (28658 + 5)) prime?
True
Let x(u) be the third derivative of 13*u**5/12 - 7*u**4/24 + u**3/6 - 6*u**2. Suppose 0*q - 5*q + 25 = 0. Is x(q) prime?
False
Let u be (-36)/(-54)*(0 + 18). Suppose 0 = -0*v + v - u. Suppose -v*a = a - 2067. Is a prime?
False
Let p(l) = -12129*l - 7432. Is p(-7) prime?
True
Suppose 2125116 - 9398371 = -49*z + 2816482. Is z composite?
False
Let u = 76 + -72. Is (-1769166)/(-98) - u/(-14) a prime number?
False
Is 2023479/((-27)/(-3)) - 12 prime?
False
Suppose 450 - 1911 = -3*u. Suppose 1242 + 54 = -4*s. Let n = u + s. Is n composite?
False
Suppose -6*m + 86 = 20. Suppose 4*s - 9 = m. Suppose -p - s*t - 1241 = -3*p, 0 = p + 5*t - 628. Is p a prime number?
False
Is 2/(10630548/(-3037304) - (22/(-4) - -2)) a prime number?
True
Let m(a) = 1374*a**3 - 49*a**2 - 10*a - 5. Is m(6) a composite number?
True
Suppose v - 30 = -14*v. Is (-16 + v)/(10/(-335)) a prime number?
False
Let k = 40819 - -77784. Is k composite?
False
Suppose 3*f - 95*r = -91*r + 826115, -11*f + 3*r = -3029065. Is f a prime number?
False
Suppose 5*m + 27*x - 1510930 = 24*x, 3*x = -15. Is m prime?
True
Let h(c) = 17*c**2 - 3*c - 7. Let w be h(-14). Let g = w + -1826. Is g a prime number?
False
Let k be 28/(-7) - -8 - 52280. Let w = -36459 - k. Is w a composite number?
False
Suppose -5*m - 45*m + 1755343 = -590107. Is m prime?
False
Suppose 3*n - 26 = -41. Is -9*1426/(-1) + (n - 0) a composite number?
False
Let v(z) = -5702*z - 319. Is v(-40